{"id":13683,"date":"2026-02-26T16:17:00","date_gmt":"2026-02-26T16:17:00","guid":{"rendered":"https:\/\/electromaro.com\/?post_type=product&#038;p=13683"},"modified":"2026-02-26T16:55:16","modified_gmt":"2026-02-26T16:55:16","slug":"termoventilador-candil-blanco-2000w","status":"publish","type":"product","link":"https:\/\/electromaro.com\/index.php\/producto\/termoventilador-candil-blanco-2000w\/","title":{"rendered":"Termoventilador Candil Blanco 2000W"},"content":{"rendered":"<div class=\"sheet-features mt-10\">\n<div class=\"sheet-features-title bg-tertiary text-white py-1 px-2 mt-10 mb-2\">\n<h4 class=\" text-white text-lg font-semibold tracking-tighter\">Caracter\u00edsticas t\u00e9cnicas<\/h4>\n<\/div>\n<section class=\"features-text mt-4 mx-2 sm:mx-0\"><\/section>\n<section class=\"features-text mt-4 mx-2 sm:mx-0\">\n<h4 class=\"text-lg font-bold mb-2 border-b border-tertiary pb-1\">General<\/h4>\n<dl class=\"text-sm w-full flex flex-row flex-wrap mb-3\">\n<dt class=\"py-1 w-1\/3 font-semibold\">Color:<\/dt>\n<dd class=\"py-1 w-2\/3\">Blanco<\/dd>\n<dt class=\"py-1 w-1\/3 font-semibold\">Material:<\/dt>\n<dd class=\"py-1 w-2\/3\">Metal \/ Policarbonato<\/dd>\n<dt class=\"py-1 w-1\/3 font-semibold\">Uso (Interior\/Exterior):<\/dt>\n<dd class=\"py-1 w-2\/3\">Recomendado para interiores<\/dd>\n<dt class=\"py-1 w-1\/3 font-semibold\">Uso (Dom\u00e9stico\/Profesional):<\/dt>\n<dd class=\"py-1 w-2\/3\">Dom\u00e9stico<\/dd>\n<dt class=\"py-1 w-1\/3 font-semibold\">Certificado CE:<\/dt>\n<dd class=\"py-1 w-2\/3\">Si<\/dd>\n<dt class=\"py-1 w-1\/3 font-semibold\">Certificado Reciclaje:<\/dt>\n<dd class=\"py-1 w-2\/3\">Si<\/dd>\n<dt class=\"py-1 w-1\/3 font-semibold\">Longitud del cable (m):<\/dt>\n<dd class=\"py-1 w-2\/3\">1,45<\/dd>\n<dt class=\"py-1 w-1\/3 font-semibold\">Modos de funcionamiento:<\/dt>\n<dd class=\"py-1 w-2\/3\">Ventilaci\u00f3n \/ Calefacci\u00f3n<\/dd>\n<dt class=\"py-1 w-1\/3 font-semibold\">Piloto Luminoso:<\/dt>\n<dd class=\"py-1 w-2\/3\">Piloto Luminoso<\/dd>\n<\/dl>\n<h4 class=\"text-lg font-bold mb-2 border-b border-tertiary pb-1\">Dimensiones<\/h4>\n<dl class=\"text-sm w-full flex flex-row flex-wrap mb-3\">\n<dt class=\"py-1 w-1\/3 font-semibold\">Dimensiones (alto x ancho x fondo):<\/dt>\n<dd class=\"py-1 w-2\/3\">10X24,5X26,5 cm.<\/dd>\n<dt class=\"py-1 w-1\/3 font-semibold\">Peso Neto:<\/dt>\n<dd class=\"py-1 w-2\/3\">1125 gr.<\/dd>\n<dt class=\"py-1 w-1\/3 font-semibold\">Peso Bruto:<\/dt>\n<dd class=\"py-1 w-2\/3\">1355 gr.<\/dd>\n<dt class=\"py-1 w-1\/3 font-semibold\">Medidas embalaje:<\/dt>\n<dd class=\"py-1 w-2\/3\">27,5&#215;26,5&#215;13 cm.<\/dd>\n<dt class=\"py-1 w-1\/3 font-semibold\">Tama\u00f1o:<\/dt>\n<dd class=\"py-1 w-2\/3\">XS<\/dd>\n<\/dl>\n<h4 class=\"text-lg font-bold mb-2 border-b border-tertiary pb-1\">Informaci\u00f3n T\u00e9cnica<\/h4>\n<dl class=\"text-sm w-full flex flex-row flex-wrap mb-3\">\n<dt class=\"py-1 w-1\/3 font-semibold\">Voltaje:<\/dt>\n<dd class=\"py-1 w-2\/3\">220-240 V<\/dd>\n<\/dl>\n<h4 class=\"text-lg font-bold mb-2 border-b border-tertiary pb-1\">Otros<\/h4>\n<dl class=\"text-sm w-full flex flex-row flex-wrap mb-3\">\n<dt class=\"py-1 w-1\/3 font-semibold\">Rejilla de protecci\u00f3n calefacci\u00f3n:<\/dt>\n<dd class=\"py-1 w-2\/3\">Rejilla de protecci\u00f3n<\/dd>\n<dt class=\"py-1 w-1\/3 font-semibold\">CAJA MASTER (unidades):<\/dt>\n<dd class=\"py-1 w-2\/3\">6<\/dd>\n<\/dl>\n<h4 class=\"text-lg font-bold mb-2 border-b border-tertiary pb-1\">Calefacci\u00f3n<\/h4>\n<dl class=\"text-sm w-full flex flex-row flex-wrap mb-3\">\n<dt class=\"py-1 w-1\/3 font-semibold\">Potencia M\u00e1xima:<\/dt>\n<dd class=\"py-1 w-2\/3\">2000 W<\/dd>\n<dt class=\"py-1 w-1\/3 font-semibold\">Termostato Regulable:<\/dt>\n<dd class=\"py-1 w-2\/3\">Term\u00f3stato Regulable<\/dd>\n<dt class=\"py-1 w-1\/3 font-semibold\">Fijaci\u00f3n mural y port\u00e1til:<\/dt>\n<dd class=\"py-1 w-2\/3\">Port\u00e1til<\/dd>\n<dt class=\"py-1 w-1\/3 font-semibold\">Niveles de potencia:<\/dt>\n<dd class=\"py-1 w-2\/3\">1000 W Y 2000 W<\/dd>\n<dt class=\"py-1 w-1\/3 font-semibold\">Protecci\u00f3n contra sobrecalentamiento:<\/dt>\n<dd class=\"py-1 w-2\/3\">Protecci\u00f3n contra sobrecalentamiento<\/dd>\n<\/dl>\n<\/section>\n<\/div>\n","protected":false},"excerpt":{"rendered":"<p>Termoventilador el\u00e9ctrico horizontal de la serie CANDIL en color BLANCO. Realizado en metal y policarbonato. Equipado con 2000 watios de potencia\u00a0y SELECCION TERMOSTATO AMBIENTE REGULABLE,\u00a0permitiendo ajustar\u00a0entre dos niveles de potencias de calefacci\u00f3n, 1000 watios y 2000 watios.\u00a0Con tres\u00a0modos de funcionamiento : viento frio, aire c\u00e1lido y aire caliente , distribuyendo el aire caliente por toda la habitaci\u00f3n gracias a su funci\u00f3n ventilador. Tiene sistema de seguridad: protecci\u00f3n contra sobrecalentamiento, se apaga autom\u00e1ticamente evitando incidentes, y rejilla de protecci\u00f3n met\u00e1lica. Viene tambi\u00e9n con una \u00fatil luz indicadora que informa si el calefactor est\u00e1 o no funcionando. Muy f\u00e1cil de transportar a cualquier habitaci\u00f3n de la casa o lugar de trabajo.\u00a0Tiene unas dimensiones de 10&#215;24,5&#215;26,5 cent\u00edmetros.\u00a0Disponible este mismo\u00a0dise\u00f1o en color negro.<\/p>\n","protected":false},"featured_media":13694,"comment_status":"open","ping_status":"closed","template":"","meta":[],"product_brand":[207],"product_cat":[163,164],"product_tag":[188,190],"class_list":{"0":"post-13683","1":"product","2":"type-product","3":"status-publish","4":"has-post-thumbnail","6":"product_brand-abrila","7":"product_cat-calefaccion","8":"product_cat-termoventiladores","9":"product_tag-calefactor","10":"product_tag-termoventilador","12":"first","13":"instock","14":"taxable","15":"shipping-taxable","16":"purchasable","17":"product-type-simple"},"jetpack_sharing_enabled":true,"_links":{"self":[{"href":"https:\/\/electromaro.com\/index.php\/wp-json\/wp\/v2\/product\/13683","targetHints":{"allow":["GET"]}}],"collection":[{"href":"https:\/\/electromaro.com\/index.php\/wp-json\/wp\/v2\/product"}],"about":[{"href":"https:\/\/electromaro.com\/index.php\/wp-json\/wp\/v2\/types\/product"}],"replies":[{"embeddable":true,"href":"https:\/\/electromaro.com\/index.php\/wp-json\/wp\/v2\/comments?post=13683"}],"wp:featuredmedia":[{"embeddable":true,"href":"https:\/\/electromaro.com\/index.php\/wp-json\/wp\/v2\/media\/13694"}],"wp:attachment":[{"href":"https:\/\/electromaro.com\/index.php\/wp-json\/wp\/v2\/media?parent=13683"}],"wp:term":[{"taxonomy":"product_brand","embeddable":true,"href":"https:\/\/electromaro.com\/index.php\/wp-json\/wp\/v2\/product_brand?post=13683"},{"taxonomy":"product_cat","embeddable":true,"href":"https:\/\/electromaro.com\/index.php\/wp-json\/wp\/v2\/product_cat?post=13683"},{"taxonomy":"product_tag","embeddable":true,"href":"https:\/\/electromaro.com\/index.php\/wp-json\/wp\/v2\/product_tag?post=13683"}],"curies":[{"name":"wp","href":"https:\/\/api.w.org\/{rel}","templated":true}]}}